f(-7).
-5
Let g(a) = -a**2 + 14*a - 27. What is g(12)?
-3
Let y(v) = v**2 - 27*v + 38. Give y(25).
-12
Let u(m) = 16*m**3 + 4*m - 1. Calculate u(-2).
-137
Let w(p) = -p**3 - 3*p**2 + 3*p - 3. Calculate w(-3).
-12
Let t(f) = f**2 + 8*f + 9. What is t(-6)?
-3
Let s(t) = -t**2 + 11*t - 33. Calculate s(4).
-5
Let v(b) = b**2 + b - 8. Determine v(7).
48
Let x(f) = f**3 + 4*f**2 - 12*f - 27. Give x(-6).
-27
Let q(y) = 2*y**2 - 7*y - 1. Calculate q(5).
14
Let h(v) = -v**2 - 15*v + 75. What is h(-19)?
-1
Let r(n) = 2*n**2 - 21*n - 14. Give r(11).
-3
Let i(p) = 17*p - 12. What is i(3)?
39
Let p(j) = j**2 + 18*j + 21. Give p(-14).
-35
Let q(z) = -2*z**2 - 7*z - 10. Give q(-4).
-14
Let f(w) = -w**3 - 11*w**2 + 21*w - 61. Determine f(-13).
4
Let t(a) = -a. Calculate t(-5).
5
Let o(u) = 3*u + 16. What is o(-8)?
-8
Let q(d) = -d**3 - 13*d**2 + 10*d + 19. Calculate q(-13).
-111
Let d(y) = -8*y + 6. Determine d(7).
-50
Let f(o) = 12*o - 3. What is f(-6)?
-75
Let f(s) = s - 3. Determine f(-12).
-15
Let g(i) = -2*i**2 + 11*i + 4. Calculate g(6).
-2
Let p(m) = -3*m**2 + 2*m + 5. Calculate p(4).
-35
Let d(x) = -4*x**2 + 145*x - 35. Determine d(36).
1
Let k(y) = -y**3 + 4*y**2 + 2*y - 12. What is k(3)?
3
Let j(d) = -d + 7. Calculate j(4).
3
Let o(a) = -a**3 - 22*a**2 - 20*a + 30. Give o(-21).
9
Let u(t) = 165*t - 1325. What is u(8)?
-5
Let j(i) = i + 11. Give j(-20).
-9
Let n(k) = -k**2 + 17*k + 6. Determine n(13).
58
Let c(y) = -y**3 + 11*y**2 - 12*y + 14. Give c(10).
-6
Let o(r) = 4*r**2 + 11*r + 23. What is o(-4)?
43
Let o(f) = -f**2 - 9*f + 123. Determine o(6).
33
Let w(g) = g**3 + 34*g**2 + 32*g - 37. What is w(-33)?
-4
Let a(l) = -l**3 + 9*l**2 + 7*l - 1. Calculate a(10).
-31
Let a(m) = -2*m - 8. What is a(-8)?
8
Let g(x) = x**2 - 3*x - 147. Calculate g(-11).
7
Let k(u) = u**2 - 10*u - 3. What is k(9)?
-12
Let l(z) = -z**3 + 4*z**2 + 2*z - 4. Determine l(3).
11
Let p(a) = -a**3 + 9*a**2 + a - 9. Determine p(9).
0
Let h(q) = 52*q**2 + q + 1. Calculate h(1).
54
Let s(h) = -3*h**2 + 99*h - 15. What is s(33)?
-15
Let s(j) = -3*j + 2. Determine s(-3).
11
Let x(i) = i**3 - 14*i**2 + 4*i - 48. Calculate x(14).
8
Let o(i) = 6*i**2 + 5*i + 5. Determine o(-1).
6
Let v(l) = -l**2 + 6*l - 13. What is v(-7)?
-104
Let r(f) = f**2 + 14*f - 3. Give r(-14).
-3
Let p(h) = -h**3 - 6*h**2 + 21*h + 13. What is p(-9)?
67
Let r(v) = -v**2 + 7. Give r(-3).
-2
Let n(x) = 7*x - 120. Determine n(30).
90
Let z(p) = -p + 44. Calculate z(10).
34
Let d(o) = -o**2 - 5*o + 7. Give d(-9).
-29
Let d(c) = -c**3 - 18*c**2 - 20*c - 12. What is d(-17)?
39
Let s(t) = t + 13. Determine s(-8).
5
Let a(o) = o**3 - 20*o**2 + 20*o - 30. What is a(19)?
-11
Let k(u) = 16*u - 47. Give k(3).
1
Let i(q) = -q**3 - 12*q**2 - 15*q - 48. Give i(-11).
-4
Let u(t) = -t**3 - 9*t**2 - 7*t - 8. Calculate u(-8).
-16
Let n(o) = -6*o**2 - 13*o - 11. What is n(-1)?
-4
Let d(s) = 11*s - 47. Calculate d(6).
19
Let s(v) = 4*v + 39. Give s(-9).
3
Let f(l) = 2*l**3 - 68*l**2 + 2*l - 66. What is f(34)?
2
Let b(v) = v**3 + 10*v**2 + 7*v - 10. Give b(-9).
8
Let h(r) = 6*r - 102. What is h(16)?
-6
Let s(g) = 2*g - 24. Give s(8).
-8
Let z(q) = -3*q - 25. Determine z(-6).
-7
Let w(j) = -j**3 + 20*j**2 - 19*j + 8. What is w(19)?
8
Let n(f) = f**2 - 6*f - 21. Determine n(8).
-5
Let t(m) = 27*m + 1842. Determine t(-68).
6
Let w(c) = c**3 - 6*c**2 + 6*c + 2. Calculate w(2).
-2
Let u(d) = -d**3 + 13*d**2 - 14*d + 4. Give u(12).
-20
Let k(a) = a**3 + 7*a**2 - 15*a + 27. Give k(-9).
0
Let k(d) = d**2 - 6*d - 85. Determine k(13).
6
Let s(i) = -i**2 - 9*i - 11. Give s(-6).
7
Let i(a) = -3*a**2 + 54*a - 27. What is i(17)?
24
Let w(b) = -3*b + 30. Determine w(10).
0
Let q(u) = u**3 + 8*u**2 + 8*u + 3. Give q(-5).
38
Let f(l) = -5*l - 2. What is f(-9)?
43
Let q(w) = w**3 + 5*w**2 - 5*w - 3. Give q(3).
54
Let u(a) = 7*a**2 + a. What is u(1)?
8
Let k(o) = -o**3 - o**2 - 2*o - 5. Calculate k(0).
-5
Let j(y) = y**2 - 5*y + 29. Give j(-7).
113
Let x(p) = 2*p + 15. Calculate x(7).
29
Let r(h) = -h**2 - h + 9. What is r(-3)?
3
Let u(x) = -x + 9. What is u(3)?
6
Let q(y) = y**2 - 9*y - 2. Calculate q(9).
-2
Let t(z) = z**3 + 22*z**2 + 24*z + 40. What is t(-21)?
-23
Let d(t) = t**3 - 12*t**2 + 6*t - 74. Determine d(12).
-2
Let u(g) = -2*g**3 + 4*g**2 - 3*g + 10. What is u(4)?
-66
Let u(g) = g**2 + 6*g - 6. What is u(-5)?
-11
Let h(x) = -68*x**3 + x**2 + x - 1. Determine h(1).
-67
Let d(y) = -y**3 - 5*y**2 + y + 8. Determine d(-5).
3
Let w(f) = 32*f - 12. Calculate w(-4).
-140
Let t(i) = i**2 - 9. Determine t(0).
-9
Let b(z) = 17*z + 1032. Give b(-61).
-5
Let c(u) = u**2 + 2*u - 30. Determine c(0).
-30
Let s(h) = -h**2 + 2*h + 47. Determine s(11).
-52
Let c(q) = 2*q**2 + 31*q + 27. Determine c(-15).
12
Let h(k) = k**3 + 3*k**2 - 2*k + 15. Calculate h(3).
63
Let t(r) = -r**2 - 20*r + 26. Calculate t(-21).
5
Let a(k) = -2*k**3 - 6*k**2 - 6*k + 7. Determine a(-4).
63
Let x(k) = -19*k - 22. Calculate x(-1).
-3
Let t(i) = -2*i + 5. Calculate t(6).
-7
Let c(r) = -r**2 - 10*r - 17. What is c(-6)?
7
Let k(h) = -h**2 + 8*h - 5. Determine k(8).
-5
Let l(j) = 3*j + 6. Determine l(8).
30
Let j(l) = -l**3 + 31*l**2 + 33*l - 31. Determine j(32).
1
Let r(u) = -u**2 + 18*u + 41. What is r(20)?
1
Let f(o) = 10*o - 40. Calculate f(-10).
-140
Let k(r) = 6*r**2 - 4. Determine k(-2).
20
Let y(x) = -5*x**3 + 2*x**2 - x - 2. Determine y(-2).
48
Let u(c) = 10*c - 57. Determine u(7).
13
Let f(i) = -2*i**3 - 11*i**2 - 4*i - 56. Give f(-6).
4
Let a(g) = -g**2 + 14*g - 5. Determine a(14).
-5
Let x(v) = v**2 - 4*v + 2. Determine x(6).
14
Let w(s) = -6*s - 16. Give w(3).
-34
Let q(w) = w**3 + 4*w**2 + w + 9. What is q(-6)?
-69
Let a(b) = b - 9. Calculate a(9).
0
Let h(l) = -l**3 - 4*l**2 + 3. Give h(-4).
3
Let h(j) = j**2 + 7*j + 40. Give h(-9).
58
Let o(r) = -r**3 + 5*r**2 - 3*r - 3. Determine o(3).
6
Let l(s) = -s**3 - 9*s**2 + s + 13. Determine l(-8).
-59
Let j(r) = -r**3 - 6*r**2 - 2*r - 6. What is j(-6)?
6
Let t(n) = n**2 - 11*n - 8. Determine t(12).
4
Let n(y) = -y**3 + 60*y**2 + 65*y - 251. Give n(61).
-7
Let y(s) = -3*s + 1. What is y(5)?
-14
Let i(z) = -10*z + 2. Give i(-6).
62
Let v(r) = -4*r**2 + 55*r - 29. Calculate v(13).
10
Let t(g) = 3*g**3 + 18*g**2 + 3*g + 3. What is t(-6)?
-15
Let y(k) = 37*k - 956. Calculate y(26).
6
Let v(a) = 7*a + 290. Calculate v(-43).
-11
Let g(w) = w**2 - 20*w - 32. Determine g(21).
-11
Let c(v) = -v**2 - 4*v + 26. Give c(6).
-34
Let d(u) = -u**3 - u**2 + u - 3. What is d(0)?
-3
Let k(w) = -4*w**2 - 30*w + 24. Give k(-8).
8
Let l(w) = -w**3 + 12*w**2 - 10*w + 16. Give l(11).
27
Let h(d) = d + 4. Give h(4).
8
Let z(m) = m**3 + 9*m**2 - 9*m + 9. Give z(-10).
-1
Let x(k) = -k**2 - 12*k - 12. What is x(-10)?
8
Let n(u) = -u**2 + 31*u + 8. Calculate n(31).
8
Let w(x) = -102*x**3 + x. Give w(1).
-101
Let y(c) = c**2 - 50. Determine y(0).
-50
Let m(x) = x**3 - 26*x**2 - 29*x + 57. Calculate m(27).
3
Let t(m) = m**2 - 9*m - 9. What is t(11)?
13
Let d(v) = -v**3 - 10*v**2 - 31*v - 316. Give d(-10).
-6
Let o(h) = -5*h + 214. Determine o(41).
9
Let c(d) = -d**2 + 4*d - 7. Determine c(3).
-4
Let g(n) = -n**2 - 13*n + 13. Give g(-15).
-17
Let s(g) = -3*g**3 + 5*g**2 - g + 1. What is s(2)?
-5
Let g(a) = -2*a**3 + 6*a**2 + 19*a + 1. What is g(-2)?
3
Let c(q) = q**2 - 7*q + 8. Calculate c(7).
8
Let f(q) = 3*q + 12. Calculate f(-8).
-12
Let i(f) = -15*f - 2. Calculate i(-1).
13
Let b(i) = 2*i - 8. Calculate b(1).
-6
Let u(k) = -2*k**3 + k**2 + 5*k - 4. Determine u(3).
-34
Let j(k) = -17*k + 3. Determine j(0).
3
Let j(m) = 2*m**3 + 10*m**2 + 12*m + 10. Calculate j(-4).
-6
Let k(j) = -4*j + 6. Determine k(4).
-10
Let y(u) = -2*u**3 + 16*u**2 + 20*u - 25. What is y(9)?
-7
Let p(m) = -m**2 + 14*m + 206. Calculate p(23).
-1
Let s(k) = 2*k - 27. Calculate s(11).
-5
Let i(u) = -5*u + 56. Give i(10).
6
Let v(h) = -12*h + 7. What is v(5)?
-53
Let r(a) = -a**2 + 16*a + 10. What is r(16)?
10
Let w(r) = 24*r - 84. What is w(5)?
36
Let a(d) = -10*d + 102. What is a(10)?
2
Let w(d) = 5*d**3 - 3*d**2 + 6*d - 3. Calculate w(1).
5
Let r(p) = -19*p + 344. Determine r(18).
2
Let s(c) = c**2 + 11*c - 12. Give s(-9).
-30
Let v(l) = 25*l + 163. Give v(-5).
38
Let m(n) = -2*n**3 - 6*n**2 + 6. What is m(-3)?
6
Let d(k) = -k**3 + 7*k**2 - 5*k - 4. Give d(6).
2
Let x(o) = -o**2